{"id":4008,"date":"2016-04-08T14:23:24","date_gmt":"2016-04-08T12:23:24","guid":{"rendered":"http:\/\/cerclerural.org\/?page_id=4008"},"modified":"2016-05-08T17:55:51","modified_gmt":"2016-05-08T15:55:51","slug":"festival-2016","status":"publish","type":"page","link":"http:\/\/cerclerural.org\/?page_id=4008","title":{"rendered":"Festival 2016"},"content":{"rendered":"<p>Cette ann\u00e9e le Festival &lsquo;Au Coeur de l&rsquo;Afrique&rsquo; aura lieu le 11 Juin 2016<br \/>\n<a href=\"http:\/\/cerclerural.org\/?p=1568\">Inscription des exposants<br \/>\n<\/a><a href=\"http:\/\/cerclerural.org\/?p=1575\">Inscription des b\u00e9n\u00e9voles<\/a><br \/>\n<a href=\"http:\/\/cerclerural.org\/?p=1579\">Inscription \u00e0 un stage<\/a><a href=\"http:\/\/cerclerural.org\/?p=1568\"><br \/>\n<\/a><a href=\"http:\/\/cerclerural.org\/?attachment_id=4026\" rel=\"attachment wp-att-4026\"><img loading=\"lazy\" decoding=\"async\" class=\"aligncenter size-full wp-image-4026\" src=\"http:\/\/cerclerural.org\/wp-content\/uploads\/2016\/04\/Affiche_mini-1.jpg\" alt=\"Affiche_mini\" width=\"390\" height=\"550\" \/><\/a><a href=\"http:\/\/cerclerural.org\/?p=1568\"><br \/>\n<\/a><\/p>\n","protected":false},"excerpt":{"rendered":"<p>Cette ann\u00e9e le Festival &lsquo;Au Coeur de l&rsquo;Afrique&rsquo; aura lieu le 11 Juin 2016 Inscription des exposants Inscription des b\u00e9n\u00e9voles Inscription \u00e0 un stage<\/p>\n","protected":false},"author":1,"featured_media":0,"parent":0,"menu_order":0,"comment_status":"closed","ping_status":"closed","template":"","meta":{"footnotes":""},"class_list":["post-4008","page","type-page","status-publish","hentry"],"_links":{"self":[{"href":"http:\/\/cerclerural.org\/index.php?rest_route=\/wp\/v2\/pages\/4008","targetHints":{"allow":["GET"]}}],"collection":[{"href":"http:\/\/cerclerural.org\/index.php?rest_route=\/wp\/v2\/pages"}],"about":[{"href":"http:\/\/cerclerural.org\/index.php?rest_route=\/wp\/v2\/types\/page"}],"author":[{"embeddable":true,"href":"http:\/\/cerclerural.org\/index.php?rest_route=\/wp\/v2\/users\/1"}],"replies":[{"embeddable":true,"href":"http:\/\/cerclerural.org\/index.php?rest_route=%2Fwp%2Fv2%2Fcomments&post=4008"}],"version-history":[{"count":4,"href":"http:\/\/cerclerural.org\/index.php?rest_route=\/wp\/v2\/pages\/4008\/revisions"}],"predecessor-version":[{"id":4030,"href":"http:\/\/cerclerural.org\/index.php?rest_route=\/wp\/v2\/pages\/4008\/revisions\/4030"}],"wp:attachment":[{"href":"http:\/\/cerclerural.org\/index.php?rest_route=%2Fwp%2Fv2%2Fmedia&parent=4008"}],"curies":[{"name":"wp","href":"https:\/\/api.w.org\/{rel}","templated":true}]}}