{"id":713,"date":"2013-05-20T15:01:54","date_gmt":"2013-05-20T13:01:54","guid":{"rendered":"http:\/.cerclerural.org\/?page_id=713"},"modified":"2015-05-09T17:50:37","modified_gmt":"2015-05-09T15:50:37","slug":"retrospective-photos","status":"publish","type":"page","link":"http:\/\/cerclerural.org\/?page_id=713","title":{"rendered":"R\u00e9trospective Photos des 80 ans du Cercle"},"content":{"rendered":"<p><strong>R\u00e9trospective par ann\u00e9e r\u00e9alis\u00e9e \u00e0 l&rsquo;occasion des 80 ans du Cercle Rural de Villy-le-Bouveret<\/strong><\/p>\n<p>Merci \u00e0 tous les b\u00e9n\u00e9voles et archiviste de leur contribution et implication dans l&rsquo;organisation de cette manifestation.<\/p>\n<p>Vous d\u00e9sirez contribuer \u00e0 cette historique n&rsquo;h\u00e9sitez pas \u00e0 prendre contact avec nous ou envoyez nous vos photos \u00e0 : <a href=\"mailto:daniel@cerclerural.org\">daniel@cerclerural.org<\/a><\/p>\n<p><a href=\"http:\/\/photos.cerclerural.org\">http:\/\/photos.cerclerural.org<\/a><\/p>\n<p>&nbsp;<\/p>\n","protected":false},"excerpt":{"rendered":"<p>R\u00e9trospective par ann\u00e9e r\u00e9alis\u00e9e \u00e0 l&rsquo;occasion des 80 ans du Cercle Rural de Villy-le-Bouveret Merci \u00e0 tous les b\u00e9n\u00e9voles et archiviste de leur contribution et implication dans l&rsquo;organisation de cette manifestation. Vous d\u00e9sirez contribuer \u00e0 cette historique n&rsquo;h\u00e9sitez pas \u00e0 &hellip; <a href=\"http:\/\/cerclerural.org\/?page_id=713\">Continuer la lecture <span class=\"meta-nav\">&rarr;<\/span><\/a><\/p>\n","protected":false},"author":1,"featured_media":0,"parent":0,"menu_order":0,"comment_status":"closed","ping_status":"open","template":"","meta":{"footnotes":""},"class_list":["post-713","page","type-page","status-publish","hentry"],"_links":{"self":[{"href":"http:\/\/cerclerural.org\/index.php?rest_route=\/wp\/v2\/pages\/713","targetHints":{"allow":["GET"]}}],"collection":[{"href":"http:\/\/cerclerural.org\/index.php?rest_route=\/wp\/v2\/pages"}],"about":[{"href":"http:\/\/cerclerural.org\/index.php?rest_route=\/wp\/v2\/types\/page"}],"author":[{"embeddable":true,"href":"http:\/\/cerclerural.org\/index.php?rest_route=\/wp\/v2\/users\/1"}],"replies":[{"embeddable":true,"href":"http:\/\/cerclerural.org\/index.php?rest_route=%2Fwp%2Fv2%2Fcomments&post=713"}],"version-history":[{"count":22,"href":"http:\/\/cerclerural.org\/index.php?rest_route=\/wp\/v2\/pages\/713\/revisions"}],"predecessor-version":[{"id":719,"href":"http:\/\/cerclerural.org\/index.php?rest_route=\/wp\/v2\/pages\/713\/revisions\/719"}],"wp:attachment":[{"href":"http:\/\/cerclerural.org\/index.php?rest_route=%2Fwp%2Fv2%2Fmedia&parent=713"}],"curies":[{"name":"wp","href":"https:\/\/api.w.org\/{rel}","templated":true}]}}